ands digit of 1503406605?
4
What is the millions digit of 3294992850?
4
What is the hundreds digit of 30696129?
1
What is the tens digit of 547638158?
5
What is the units digit of 1341534986?
6
What is the hundreds digit of 2856037261?
2
What is the hundred thousands digit of 34002333?
0
What is the thousands digit of 5933882605?
2
What is the millions digit of 8337398804?
7
What is the thousands digit of 1342835384?
5
What is the ten millions digit of 272053186?
7
What is the hundreds digit of 1078160559?
5
What is the hundreds digit of 4139269085?
0
What is the ten millions digit of 262976182?
6
What is the ten millions digit of 45166861?
4
What is the hundreds digit of 1162161?
1
What is the thousands digit of 55506693?
6
What is the units digit of 41147233?
3
What is the hundred thousands digit of 762007158?
0
What is the ten millions digit of 3000478175?
0
What is the ten millions digit of 289741957?
8
What is the ten millions digit of 1817623511?
1
What is the hundreds digit of 346572132?
1
What is the units digit of 35012845?
5
What is the hundred millions digit of 685729887?
6
What is the ten thousands digit of 919861933?
6
What is the units digit of 937187372?
2
What is the hundred thousands digit of 5417252742?
2
What is the thousands digit of 41319014?
9
What is the hundreds digit of 511203565?
5
What is the tens digit of 50292980?
8
What is the units digit of 38202731?
1
What is the thousands digit of 5643989?
3
What is the millions digit of 138249211?
8
What is the millions digit of 260144161?
0
What is the hundred thousands digit of 24705341?
7
What is the tens digit of 57396691?
9
What is the ten thousands digit of 118682775?
8
What is the units digit of 32319899?
9
What is the thousands digit of 160599851?
9
What is the tens digit of 158523339?
3
What is the tens digit of 701779060?
6
What is the units digit of 184283206?
6
What is the millions digit of 4570945317?
0
What is the hundred thousands digit of 11127903?
1
What is the ten millions digit of 343016558?
4
What is the millions digit of 326135464?
6
What is the thousands digit of 85606520?
6
What is the ten millions digit of 244436889?
4
What is the hundreds digit of 106431118?
1
What is the units digit of 162477007?
7
What is the tens digit of 10608304?
0
What is the millions digit of 2629718740?
9
What is the hundred thousands digit of 542478491?
4
What is the hundreds digit of 101149527?
5
What is the thousands digit of 6334410204?
0
What is the ten millions digit of 535290658?
3
What is the ten thousands digit of 506914694?
1
What is the units digit of 188384091?
1
What is the tens digit of 1091514102?
0
What is the hundreds digit of 284837631?
6
What is the hundreds digit of 584222288?
2
What is the units digit of 36855326?
6
What is the hundred thousands digit of 53971463?
9
What is the hundred thousands digit of 31250986?
2
What is the ten thousands digit of 95118216?
1
What is the tens digit of 49794181?
8
What is the tens digit of 2402576943?
4
What is the hundred millions digit of 663773637?
6
What is the hundred thousands digit of 463534139?
5
What is the units digit of 3600003400?
0
What is the hundred millions digit of 1139840709?
1
What is the hundreds digit of 232782155?
1
What is the hundred thousands digit of 4976216137?
2
What is the units digit of 2368225922?
2
What is the ten thousands digit of 200941324?
4
What is the hundred millions digit of 361562249?
3
What is the hundred millions digit of 245221325?
2
What is the billions digit of 2408548682?
2
What is the hundreds digit of 31247658?
6
What is the ten thousands digit of 28667051?
6
What is the hundreds digit of 848169824?
8
What is the millions digit of 3271646518?
1
What is the tens digit of 1928331556?
5
What is the thousands digit of 3684490640?
0
What is the millions digit of 15368319?
5
What is the hundreds digit of 3585919222?
2
What is the hundreds digit of 327034563?
5
What is the units digit of 1562466094?
4
What is the hundred millions digit of 1053892054?
0
What is the hundred thousands digit of 1767430?
7
What is the millions digit of 1248209055?
8
What is the units digit of 5066086?
6
What is the hundreds digit of 1485307697?
6
What is the ten millions digit of 121482784?
2
What is the millions digit of 2498347733?
8
What is the millions digit of 138808695?
8
What is the tens digit of 1962170275?
7
What is the hundred thousands digit of 13697066?
6
What is the thousands digit of 52497239?
7
What is the units digit of 230677404?
4
What is the ten millions digit of 433238791?
3
What is the millions digit of 9244141?
9
What is the hundreds digit of 208132911?
9
What is the hundred thousands digit of 466824461?
8
What is the millions digit of 291130794?
1
What is the millions digit of 213604267?
3
What is the tens digit of 3415035137?
3
What is the thousands digit of 49315100?
5
What is the hundreds digit of 17975562?
5
What is the hundred thousands digit of 12254359?
2
What is the hundred thousands digit of 8508997?
5
What is the billions digit of 5728593981?
5
What is the ten millions digit of 20113985?
2
What is the hundred millions digit of 1329578635?
3
What is the thousands digit of 478604371?
4
What is the units digit of 4496027?
7
What is the billions digit of 2308802223?
2
What is the tens digit of 37993905?
0
What is the hundred thousands digit of 8941996?
9
What is the hundred thousands digit of 122125033?
1
What is the hundred thousands digit of 1550897167?
8
What is the millions digit of 491187952?
1
What is the hundreds digit of 462684865?
8
What is the units digit of 8197571835?
5
What is the millions digit of 315654875?
5
What is the units digit of 7434329?
9
What is the millions digit of 372188476?
2
What is the hundreds digit of 916961683?
6
What is the millions digit of 1612079328?
2
What is the tens digit of 5001045?
4
What is the hundreds digit of 218439148?
1
What is the ten thousands digit of 19241834?
4
What is the hundred millions digit of 143134099?
1
What is the hundreds digit of 59948033?
0
What is the tens digit of 11834793?
9
What is the millions digit of 380993409?
0
What is the thousands digit of 5348016?
8
What is the tens digit of 707828586?
8
What is the ten millions digit of 50909275?
5
What is the units digit of 2621553017?
7
What is the ten millions digit of 34922595?
3
What is the billions digit of 2148296075?
2
What is the tens digit of 5997564?
6
What is the hundred millions digit of 132996982?
1
What is the ten millions digit of 460259611?
6
What is the billions digit of 1918233048?
1
What is the hundred thousands digit of 168055433?
0
What is the units digit of 52377051?
1
What is the millions digit of 166337580?
6
What is the hundred millions digit of 138205015?
1
What is the units digit of 697933832?
2
What is the hundred millions digit of 1838909271?
8
What is the hundred thousands digit of 962256826?
2
What is the thousands digit of 516403500?
3
What is the ten thousands digit of 564637764?
3
What is the ten thousands digit of 1204368283?
6
What is the hundred thousands digit of 1014306135?
3
What is the ten millions digit of 16700789?
1
What is the tens digit of 162777706?
0
What is the ten millions digit of 108120428?
0
What is the ten thousands digit of 137397149?
9
What is the tens digit of 135802435?
3
What is the billions digit of 1404516031?
1
What is the millions digit of 729246623?
9
What is the tens digit of 1643205594?
9
What is the tens digit of 70249980?
8
What is the units digit of 33030824?
4
What is the millions digit of 5578524769?
8
What is the units digit of 11660057?
7
What is the thousands digit of 24604064?
4
What is the hundred millions digit of 119225404?
1
What is the ten thousands digit of 2197112377?
1
What is the hundred millions digit of 1633998235?
6
What is the hundreds digit of 495455702?
7
What is the tens digit of 240608049?
4
What is the millions digit of 59842556?
9
What is the thousands digit of 134029490?
9
What is the hundred millions digit of 2448570647?
4
What is the units digit of 1364503884?
4
What is the hundreds digit of 650630360?
3
What is the billions digit of 3560474508?
3
What is the hundreds digit of 509178604?
6
What is the ten millions digit of 77081859?
7
What is the thousands digit 